{"id":25501,"date":"2026-03-08T13:19:30","date_gmt":"2026-03-08T17:19:30","guid":{"rendered":"https:\/\/organizersincanada.com\/informations-sur-le-cours-le-marketing-de-votre-entreprise-en-organisation\/"},"modified":"2026-04-13T21:38:14","modified_gmt":"2026-04-14T01:38:14","slug":"informations-sur-le-cours-le-marketing-de-votre-entreprise-en-organisation","status":"publish","type":"page","link":"https:\/\/organizersincanada.com\/fr\/informations-sur-le-cours-le-marketing-de-votre-entreprise-en-organisation\/","title":{"rendered":"Informations sur le cours: Le marketing de votre entreprise en organisation"},"content":{"rendered":"<div class=\"poc-course-page\" style=\"max-width: 900px; margin: 0 auto; padding: 0 16px;\">\n<p><img decoding=\"async\" class=\"aligncenter poc-course-header\" src=\"https:\/\/organizersincanada.com\/wp-content\/uploads\/2026\/04\/MarketingFR.png\" alt=\"Le marketing de votre entreprise en organisation\" \/><\/p>\n<p><!-- Intro --><\/p>\n<p style=\"margin: 0 0 18px 0; line-height: 1.7;\">Transformez votre passion pour l\u2019organisation en une entreprise prosp\u00e8re qui attire des clients. Ce cours vous accompagne pour \u00e9laborer une strat\u00e9gie marketing pour votre entreprise en organisation. Apprenez \u00e0 d\u00e9finir votre marque, \u00e0 identifier votre client id\u00e9al et \u00e0 cr\u00e9er un plan marketing percutant qui vous distingue. De la construction d\u2019une pr\u00e9sence en ligne solide \u00e0 la g\u00e9n\u00e9ration de prospects et \u00e0 l\u2019\u00e9valuation de vos efforts marketing, vous d\u00e9couvrirez les strat\u00e9gies et d\u00e9velopperez les connaissances n\u00e9cessaires pour b\u00e2tir une entreprise r\u00e9ussie et durable.<\/p>\n<p><!-- Outcomes --><\/p>\n<div style=\"margin-top: 10px; margin-bottom: 28px;\">\n<p><a style=\"display: inline-block; padding: 12px 24px; background: #C72328; color: #ffffff; border-radius: 6px; font-weight: 600; text-decoration: none; margin-bottom: 18px;\" href=\"#pricing\">S\u2019inscrire maintenant<\/a><\/p>\n<h2 style=\"color: #c72328; font-size: 1.35rem; font-weight: bold; margin: 26px 0 12px;\">Ce cours vous aidera \u00e0 :<\/h2>\n<ul style=\"margin: 0 0 18px 22px; padding: 0;\">\n<li>Classer les services offerts<\/li>\n<li>\u00c9valuer, modifier et planifier votre pr\u00e9sence en ligne<\/li>\n<li>\u00c9tudier les caract\u00e9ristiques d\u00e9mographiques de vos zones de service<\/li>\n<li>Identifier votre client id\u00e9al<\/li>\n<li>Cr\u00e9er un plan de g\u00e9n\u00e9ration de prospects<\/li>\n<li>Comparer votre entreprise \u00e0 la concurrence<\/li>\n<\/ul>\n<h2 style=\"color: #c72328; font-size: 1.35rem; font-weight: bold; margin: 26px 0 12px;\">Pourquoi choisir ce cours ?<\/h2>\n<p style=\"margin: 0; line-height: 1.6; color: #6b7280;\">Ce cours vous pr\u00e9sente les bases du marketing et les outils pratiques pour promouvoir efficacement votre entreprise en organisation. Vous apprendrez \u00e0 d\u00e9velopper une marque attrayante, \u00e0 cibler les bons clients et \u00e0 mettre en \u0153uvre des strat\u00e9gies marketing g\u00e9n\u00e9ratrices de r\u00e9sultats, vous permettant ainsi de faire cro\u00eetre votre entreprise et d\u2019atteindre vos objectifs professionnels.<\/p>\n<div style=\"margin-top: 18px; overflow: auto;\">\n<p><img loading=\"lazy\" decoding=\"async\" class=\"alignleft\" src=\"https:\/\/organizersincanada.com\/wp-content\/uploads\/2026\/02\/1.png\" alt=\"\" width=\"65\" height=\"65\" \/><\/p>\n<p style=\"margin: 0; line-height: 1.6;\">Les cours identifi\u00e9s par cette ic\u00f4ne font partie des dix cours obligatoires requis pour \u00eatre admissible \u00e0 l\u2019examen du <a href=\"https:\/\/organizersincanada.com\/fr\/formation-et-evenements\/programme-de-formation-en-organisation-professionnelle-fop\/\"><i>Programme de formation en organisation professionnelle (FOP)<\/i><\/a>.<\/p>\n<\/div>\n<\/div>\n<p><!-- Testimonials --><\/p>\n<div style=\"background: rgba(199,35,40,0.08); padding: 32px 24px; border-radius: 8px; margin: 34px 0;\">\n<h2 style=\"color: #c72328; font-size: 1.35rem; font-weight: bold; margin: 0 0 14px;\">Ce que les \u00e9tudiantes disent<\/h2>\n<div style=\"display: flex; flex-wrap: wrap; gap: 24px; margin-top: 20px;\">\n<div style=\"background: #ffffff; border-radius: 8px; padding: 20px; box-shadow: 0 4px 10px rgba(0,0,0,0.04); flex: 1 1 320px;\">\n<p style=\"margin: 0; font-style: italic;\">\u00ab Int\u00e9ressant, prise de conscience, motivant, stimulant ! Merci. \u00bb<\/p>\n<\/div>\n<div style=\"background: #ffffff; border-radius: 8px; padding: 20px; box-shadow: 0 4px 10px rgba(0,0,0,0.04); flex: 1 1 320px;\">\n<p style=\"margin: 0; font-style: italic;\">\u00ab Tr\u00e8s int\u00e9ressant. Beaucoup d\u2019information et beaucoup de choses \u00e0 penser. Tr\u00e8s bon cours. \u00bb<\/p>\n<\/div>\n<\/div>\n<\/div>\n<\/div>\n<p><!-- Presenter --><\/p>\n<h2 style=\"color: #c72328; font-size: 1.35rem; font-weight: bold; margin: 26px 0 12px;\">Formatrice : Edith Dandenault<\/h2>\n<div style=\"display: flex; flex-wrap: wrap; gap: 20px; align-items: flex-start;\">\n<div style=\"flex: 0 0 180px;\"><img loading=\"lazy\" decoding=\"async\" class=\"alignnone size-medium wp-image-23760\" src=\"https:\/\/organizersincanada.com\/wp-content\/uploads\/2025\/09\/EdithDandenault-225x300.png\" alt=\"\" width=\"225\" height=\"300\" \/><\/div>\n<div style=\"flex: 1 1 260px;\">\n<p>Edith est membre de l\u2019association des Organisateurs professionnels au Canada depuis 2005 et formatrice de cours depuis 2018. Elle est une enseignante certifi\u00e9e, titulaire d&#8217;une licence en \u00e9ducation, et poss\u00e8de une grande exp\u00e9rience en enseignement dans plusieurs langues. Elle est \u00e9galement titulaire d&#8217;une ma\u00eetrise en linguistique et psychologie appliqu\u00e9es.<\/p>\n<p>Edith aide ses clients \u00e0 g\u00e9rer les transitions et ainsi \u00e0 mieux comprendre la psychologie de la s\u00e9paration, du deuil et de la perte. Elle a \u00e9t\u00e9 organisatrice dans six pays diff\u00e9rents, employant six langues diff\u00e9rentes \u00e0 travers le monde. Elle a cr\u00e9\u00e9 les outils n\u00e9cessaires pour soutenir et expliquer pleinement ce que nous faisons en tant qu\u2019organisatrices. Chaque heure d&#8217;\u00e9tude avec elle vous rapprochera de votre objectif d&#8217;une carri\u00e8re \u00e9panouissante en tant qu&#8217;organisatrice professionnelle.<\/p>\n<\/div>\n<\/div>\n<p><!-- Format --><\/p>\n<h2 style=\"color: #c72328; font-size: 1.35rem; font-weight: bold; margin: 26px 0 12px;\">Format du cours<\/h2>\n<p style=\"margin: 0; line-height: 1.7;\">Ce cours est offert en ligne et comprend une vid\u00e9o ainsi qu\u2019un manuel. La vid\u00e9o dure environ une heure. Vous pouvez la mettre sur pause, revenir en arri\u00e8re et la visionner de nouveau afin de bien vous impr\u00e9gner du contenu. La vid\u00e9o contient trois mots-cl\u00e9s qui doivent \u00eatre soumis via la page du cours. Une fois les mots-cl\u00e9s transmis avec succ\u00e8s, votre dossier de formation indiquera que vous avez compl\u00e9t\u00e9 le cours. Le manuel complet comprend des activit\u00e9s, du mat\u00e9riel compl\u00e9mentaire et des ressources additionnelles.<\/p>\n<p><!-- Pricing anchor --><\/p>\n<div id=\"pricing\" style=\"position: relative; top: -120px;\"><\/div>\n<h2 style=\"color: #c72328; font-size: 1.35rem; font-weight: bold; margin: 30px 0 12px;\">Investissement et inscription<\/h2>\n<div style=\"display: flex; flex-direction: column; gap: 14px; align-items: flex-start; margin-bottom: 10px;\">\n<p><a style=\"display: inline-block; min-width: 280px; padding: 12px 24px; background: #C72328; color: #ffffff !important; border-radius: 10px; font-weight: 600; text-decoration: none; text-align: center;\" href=\"https:\/\/organizersincanada.com\/fr\/paiement\/?add-to-cart=16136&#038;quantity=1\">Tarif membre 70 $<br \/>\n<\/a><\/p>\n<p><a style=\"display: inline-block; min-width: 280px; padding: 12px 24px; background: #C72328; color: #ffffff !important; border-radius: 10px; font-weight: 600; text-decoration: none; text-align: center;\" href=\"https:\/\/organizersincanada.com\/fr\/paiement\/?add-to-cart=23114&#038;quantity=1\">Tarif non-membre 98 $<br \/>\n<\/a><\/p>\n<\/div>\n<p style=\"margin: 0;\"><em>Les prix n\u2019incluent pas les taxes applicables.<\/em><\/p>\n","protected":false},"excerpt":{"rendered":"<p>Transformez votre passion pour l\u2019organisation en une entreprise prosp\u00e8re qui attire des clients. Ce cours vous accompagne pour \u00e9laborer une strat\u00e9gie marketing pour votre entreprise en organisation. Apprenez \u00e0 d\u00e9finir [&hellip;]<\/p>\n","protected":false},"author":2751,"featured_media":0,"parent":0,"menu_order":0,"comment_status":"closed","ping_status":"closed","template":"","meta":{"_acf_changed":false,"_genesis_hide_title":false,"_genesis_hide_breadcrumbs":false,"_genesis_hide_singular_image":false,"_genesis_hide_footer_widgets":false,"_genesis_custom_body_class":"","_genesis_custom_post_class":"","_genesis_layout":"","_price":"","_stock":"","_tribe_ticket_header":"","_tribe_default_ticket_provider":"","_tribe_ticket_capacity":"","_ticket_start_date":"","_ticket_end_date":"","_tribe_ticket_show_description":"","_tribe_ticket_show_not_going":false,"_tribe_ticket_use_global_stock":"","_tribe_ticket_global_stock_level":"","_global_stock_mode":"","_global_stock_cap":"","_tribe_rsvp_for_event":"","_tribe_ticket_going_count":"","_tribe_ticket_not_going_count":"","_tribe_tickets_list":"[]","_tribe_ticket_has_attendee_info_fields":false,"footnotes":""},"class_list":["post-25501","page","type-page","status-publish","entry"],"acf":[],"_links":{"self":[{"href":"https:\/\/organizersincanada.com\/fr\/wp-json\/wp\/v2\/pages\/25501","targetHints":{"allow":["GET"]}}],"collection":[{"href":"https:\/\/organizersincanada.com\/fr\/wp-json\/wp\/v2\/pages"}],"about":[{"href":"https:\/\/organizersincanada.com\/fr\/wp-json\/wp\/v2\/types\/page"}],"author":[{"embeddable":true,"href":"https:\/\/organizersincanada.com\/fr\/wp-json\/wp\/v2\/users\/2751"}],"replies":[{"embeddable":true,"href":"https:\/\/organizersincanada.com\/fr\/wp-json\/wp\/v2\/comments?post=25501"}],"version-history":[{"count":0,"href":"https:\/\/organizersincanada.com\/fr\/wp-json\/wp\/v2\/pages\/25501\/revisions"}],"wp:attachment":[{"href":"https:\/\/organizersincanada.com\/fr\/wp-json\/wp\/v2\/media?parent=25501"}],"curies":[{"name":"wp","href":"https:\/\/api.w.org\/{rel}","templated":true}]}}

<div class="poc-course-page" style="max-width: 900px; margin: 0 auto; padding: 0 16px;">
<p><img decoding="async" class="aligncenter poc-course-header" src="https://organizersincanada.com/wp-content/uploads/2026/04/MarketingFR.png" alt="Le marketing de votre entreprise en organisation" /></p>
<p><!-- Intro --></p>
<p style="margin: 0 0 18px 0; line-height: 1.7;">Transformez votre passion pour l’organisation en une entreprise prospère qui attire des clients. Ce cours vous accompagne pour élaborer une stratégie marketing pour votre entreprise en organisation. Apprenez à définir votre marque, à identifier votre client idéal et à créer un plan marketing percutant qui vous distingue. De la construction d’une présence en ligne solide à la génération de prospects et à l’évaluation de vos efforts marketing, vous découvrirez les stratégies et développerez les connaissances nécessaires pour bâtir une entreprise réussie et durable.</p>
<p><!-- Outcomes --></p>
<div style="margin-top: 10px; margin-bottom: 28px;">
<p><a style="display: inline-block; padding: 12px 24px; background: #C72328; color: #ffffff; border-radius: 6px; font-weight: 600; text-decoration: none; margin-bottom: 18px;" href="#pricing">S’inscrire maintenant</a></p>
<h2 style="color: #c72328; font-size: 1.35rem; font-weight: bold; margin: 26px 0 12px;">Ce cours vous aidera à :</h2>
<ul style="margin: 0 0 18px 22px; padding: 0;">
<li>Classer les services offerts</li>
<li>Évaluer, modifier et planifier votre présence en ligne</li>
<li>Étudier les caractéristiques démographiques de vos zones de service</li>
<li>Identifier votre client idéal</li>
<li>Créer un plan de génération de prospects</li>
<li>Comparer votre entreprise à la concurrence</li>
</ul>
<h2 style="color: #c72328; font-size: 1.35rem; font-weight: bold; margin: 26px 0 12px;">Pourquoi choisir ce cours ?</h2>
<p style="margin: 0; line-height: 1.6; color: #6b7280;">Ce cours vous présente les bases du marketing et les outils pratiques pour promouvoir efficacement votre entreprise en organisation. Vous apprendrez à développer une marque attrayante, à cibler les bons clients et à mettre en œuvre des stratégies marketing génératrices de résultats, vous permettant ainsi de faire croître votre entreprise et d’atteindre vos objectifs professionnels.</p>
<div style="margin-top: 18px; overflow: auto;">
<p><img loading="lazy" decoding="async" class="alignleft" src="https://organizersincanada.com/wp-content/uploads/2026/02/1.png" alt="" width="65" height="65" /></p>
<p style="margin: 0; line-height: 1.6;">Les cours identifiés par cette icône font partie des dix cours obligatoires requis pour être admissible à l’examen du <a href="https://organizersincanada.com/fr/formation-et-evenements/programme-de-formation-en-organisation-professionnelle-fop/"><i>Programme de formation en organisation professionnelle (FOP)</i></a>.</p>
</div>
</div>
<p><!-- Testimonials --></p>
<div style="background: rgba(199,35,40,0.08); padding: 32px 24px; border-radius: 8px; margin: 34px 0;">
<h2 style="color: #c72328; font-size: 1.35rem; font-weight: bold; margin: 0 0 14px;">Ce que les étudiantes disent</h2>
<div style="display: flex; flex-wrap: wrap; gap: 24px; margin-top: 20px;">
<div style="background: #ffffff; border-radius: 8px; padding: 20px; box-shadow: 0 4px 10px rgba(0,0,0,0.04); flex: 1 1 320px;">
<p style="margin: 0; font-style: italic;">« Intéressant, prise de conscience, motivant, stimulant ! Merci. »</p>
</div>
<div style="background: #ffffff; border-radius: 8px; padding: 20px; box-shadow: 0 4px 10px rgba(0,0,0,0.04); flex: 1 1 320px;">
<p style="margin: 0; font-style: italic;">« Très intéressant. Beaucoup d’information et beaucoup de choses à penser. Très bon cours. »</p>
</div>
</div>
</div>
</div>
<p><!-- Presenter --></p>
<h2 style="color: #c72328; font-size: 1.35rem; font-weight: bold; margin: 26px 0 12px;">Formatrice : Edith Dandenault</h2>
<div style="display: flex; flex-wrap: wrap; gap: 20px; align-items: flex-start;">
<div style="flex: 0 0 180px;"><img loading="lazy" decoding="async" class="alignnone size-medium wp-image-23760" src="https://organizersincanada.com/wp-content/uploads/2025/09/EdithDandenault-225x300.png" alt="" width="225" height="300" /></div>
<div style="flex: 1 1 260px;">
<p>Edith est membre de l’association des Organisateurs professionnels au Canada depuis 2005 et formatrice de cours depuis 2018. Elle est une enseignante certifiée, titulaire d&#8217;une licence en éducation, et possède une grande expérience en enseignement dans plusieurs langues. Elle est également titulaire d&#8217;une maîtrise en linguistique et psychologie appliquées.</p>
<p>Edith aide ses clients à gérer les transitions et ainsi à mieux comprendre la psychologie de la séparation, du deuil et de la perte. Elle a été organisatrice dans six pays différents, employant six langues différentes à travers le monde. Elle a créé les outils nécessaires pour soutenir et expliquer pleinement ce que nous faisons en tant qu’organisatrices. Chaque heure d&#8217;étude avec elle vous rapprochera de votre objectif d&#8217;une carrière épanouissante en tant qu&#8217;organisatrice professionnelle.</p>
</div>
</div>
<p><!-- Format --></p>
<h2 style="color: #c72328; font-size: 1.35rem; font-weight: bold; margin: 26px 0 12px;">Format du cours</h2>
<p style="margin: 0; line-height: 1.7;">Ce cours est offert en ligne et comprend une vidéo ainsi qu’un manuel. La vidéo dure environ une heure. Vous pouvez la mettre sur pause, revenir en arrière et la visionner de nouveau afin de bien vous imprégner du contenu. La vidéo contient trois mots-clés qui doivent être soumis via la page du cours. Une fois les mots-clés transmis avec succès, votre dossier de formation indiquera que vous avez complété le cours. Le manuel complet comprend des activités, du matériel complémentaire et des ressources additionnelles.</p>
<p><!-- Pricing anchor --></p>
<div id="pricing" style="position: relative; top: -120px;"></div>
<h2 style="color: #c72328; font-size: 1.35rem; font-weight: bold; margin: 30px 0 12px;">Investissement et inscription</h2>
<div style="display: flex; flex-direction: column; gap: 14px; align-items: flex-start; margin-bottom: 10px;">
<p><a style="display: inline-block; min-width: 280px; padding: 12px 24px; background: #C72328; color: #ffffff !important; border-radius: 10px; font-weight: 600; text-decoration: none; text-align: center;" href="https://organizersincanada.com/fr/paiement/?add-to-cart=16136&#038;quantity=1">Tarif membre 70 $<br />
</a></p>
<p><a style="display: inline-block; min-width: 280px; padding: 12px 24px; background: #C72328; color: #ffffff !important; border-radius: 10px; font-weight: 600; text-decoration: none; text-align: center;" href="https://organizersincanada.com/fr/paiement/?add-to-cart=23114&#038;quantity=1">Tarif non-membre 98 $<br />
</a></p>
</div>
<p style="margin: 0;"><em>Les prix n’incluent pas les taxes applicables.</em></p>

<p>Transformez votre passion pour l’organisation en une entreprise prospère qui attire des clients. Ce cours vous accompagne pour élaborer une stratégie marketing pour votre entreprise en organisation. Apprenez à définir [&hellip;]</p>
