{"id":25516,"date":"2026-03-08T13:38:22","date_gmt":"2026-03-08T17:38:22","guid":{"rendered":"https:\/\/organizersincanada.com\/informations-sur-le-cours-lorganisation-pour-les-familles\/"},"modified":"2026-04-13T21:44:49","modified_gmt":"2026-04-14T01:44:49","slug":"informations-sur-le-cours-organisation-pour-les-familles","status":"publish","type":"page","link":"https:\/\/organizersincanada.com\/fr\/informations-sur-le-cours-organisation-pour-les-familles\/","title":{"rendered":"Informations sur le cours: L\u2019organisation pour les familles"},"content":{"rendered":"<div class=\"poc-course-page\" style=\"max-width: 900px; margin: 0 auto; padding: 0 16px;\">\n<p><img decoding=\"async\" class=\"aligncenter poc-course-header\" src=\"https:\/\/organizersincanada.com\/wp-content\/uploads\/2026\/04\/Familles.png\" alt=\"\" \/><\/p>\n<p><!-- Intro --><\/p>\n<p style=\"margin: 0 0 18px 0; line-height: 1.7;\">Transformez des maisons familiales encombr\u00e9es et chaotiques en espaces organis\u00e9s et fonctionnels qui facilitent la vie de tous. Ce cours pr\u00e9sente les grandes lignes pour pour ma\u00eetriser l\u2019art d\u2019organiser pour les familles. Vous apprendrez \u00e0 r\u00e9pondre aux d\u00e9fis uniques de la vie familiale, notamment les consid\u00e9rations de s\u00e9curit\u00e9, la gestion de l\u2019accumulation d\u2019objets et l\u2019adaptation aux changements constants. De la cr\u00e9ation d\u2019espaces fonctionnels \u00e0 la simplification des routines quotidiennes, vous d\u00e9velopperez les strat\u00e9gies et les connaissances n\u00e9cessaires pour instaurer l\u2019ordre et la fluidit\u00e9 dans les foyers familiaux.<\/p>\n<p><!-- Outcomes --><\/p>\n<div style=\"margin-top: 10px; margin-bottom: 28px;\">\n<p><a style=\"display: inline-block; padding: 12px 24px; background: #C72328; color: #ffffff; border-radius: 6px; font-weight: 600; text-decoration: none; margin-bottom: 18px;\" href=\"#pricing\">S\u2019inscrire maintenant<\/a><\/p>\n<h2 style=\"color: #c72328; font-size: 1.35rem; font-weight: bold; margin: 26px 0 12px;\">Ce cours vous aidera \u00e0 :<\/h2>\n<ul style=\"margin: 0 0 18px 22px; padding: 0;\">\n<li>Identifier la client\u00e8le que vous souhaitez accompagner<\/li>\n<li>Distinguer l\u2019organisation familiale de l\u2019organisation g\u00e9n\u00e9rale<\/li>\n<li>Reconna\u00eetre les enjeux de la client\u00e8le familiale<\/li>\n<li>Compiler une liste de solutions d\u2019organisation con\u00e7ues pour les familles<br \/>\n\u25cbOrganisation de l\u2019espace<br \/>\n\u25cbOrganisation de l\u2019information<br \/>\n\u25cbGestion de la maisonn\u00e9e<\/li>\n<\/ul>\n<h2 style=\"color: #c72328; font-size: 1.35rem; font-weight: bold; margin: 26px 0 12px;\">Pourquoi choisir ce cours ?<\/h2>\n<p style=\"margin: 0; line-height: 1.6; color: #6b7280;\">Ce cours r\u00e9v\u00e8le les outils et les techniques n\u00e9cessaires pour cr\u00e9er des solutions d\u2019organisation personnalis\u00e9es adapt\u00e9es aux besoins dynamiques des familles. Vous apprendrez \u00e0 am\u00e9liorer la s\u00e9curit\u00e9, \u00e0 g\u00e9rer les biens et \u00e0 simplifier le quotidien, afin d\u2019aider les familles \u00e0 s\u2019\u00e9panouir dans des espaces organis\u00e9s et fonctionnels.<\/p>\n<div style=\"margin-top: 18px; overflow: auto;\">\n<p><img loading=\"lazy\" decoding=\"async\" class=\"alignleft\" src=\"https:\/\/organizersincanada.com\/wp-content\/uploads\/2026\/02\/4.png\" alt=\"\" width=\"65\" height=\"65\" \/><\/p>\n<p style=\"margin: 0; line-height: 1.6;\">Les cours identifi\u00e9s par cette ic\u00f4ne sont des cours au choix. Deux cours au choix sont requis pour \u00eatre admissible \u00e0 l\u2019examen du <a href=\"https:\/\/organizersincanada.com\/fr\/formation-et-evenements\/programme-de-formation-en-organisation-professionnelle-fop\/\"><i>Programme de formation en organisation professionnelle (FOP)<\/i><\/a>.<\/p>\n<\/div>\n<\/div>\n<p><!-- Testimonials --><\/p>\n<div style=\"background: rgba(199,35,40,0.08); padding: 32px 24px; border-radius: 8px; margin: 34px 0;\">\n<h2 style=\"color: #c72328; font-size: 1.35rem; font-weight: bold; margin: 0 0 14px;\">Ce que les \u00e9tudiantes disent<\/h2>\n<div style=\"display: flex; flex-wrap: wrap; gap: 24px; margin-top: 20px;\">\n<div style=\"background: #ffffff; border-radius: 8px; padding: 20px; box-shadow: 0 4px 10px rgba(0,0,0,0.04); flex: 1 1 320px;\">\n<p style=\"margin: 0; font-style: italic;\">\u00ab Les \u00e9tudes de cas ont permis de bien cerner les diff\u00e9rents enjeux familiaux pr\u00e9sent\u00e9s. \u00c7a rend le cours plus concret. \u00bb<\/p>\n<\/div>\n<div style=\"background: #ffffff; border-radius: 8px; padding: 20px; box-shadow: 0 4px 10px rgba(0,0,0,0.04); flex: 1 1 320px;\">\n<p style=\"margin: 0; font-style: italic;\">\u00ab J&#8217;ai particuli\u00e8rement aim\u00e9 la partie sur les zones chaudes de l&#8217;organisation familiale et comment concr\u00e8tement on peut aider nos clients. \u00bb<\/p>\n<\/div>\n<\/div>\n<\/div>\n<p><!-- Presenter --><\/p>\n<h2 style=\"color: #c72328; font-size: 1.35rem; font-weight: bold; margin: 26px 0 12px;\">Formatrice : Myl\u00e8ne Houle Morency<\/h2>\n<div style=\"display: flex; flex-wrap: wrap; gap: 20px; align-items: flex-start;\">\n<div style=\"flex: 0 0 180px;\"><img loading=\"lazy\" decoding=\"async\" style=\"max-width: 100%; height: auto; display: block;\" src=\"https:\/\/organizersincanada.com\/wp-content\/uploads\/2025\/09\/Mylene-Houle-Morency.png\" alt=\"Myl\u00e8ne Houle Morency\" width=\"225\" height=\"300\" \/><\/div>\n<div style=\"flex: 1 1 260px;\">\n<p style=\"margin-top: 0; text-align: left;\">Myl\u00e8ne Houle Morency est organisatrice professionnelle sp\u00e9cialis\u00e9e en organisation familiale depuis 2013 et une membre Feuille d&#8217;argent de l\u2019association des Organisateurs professionnels au Canada. Elle a si\u00e9g\u00e9 sur le comit\u00e9 \u00e9thique des OPC durant quatre ans et a re\u00e7u le prix Harold Taylor en 2021. Quand elle n&#8217;est pas en train de travailler on peut la trouver en ski de fond ou \u00e0 v\u00e9lo avec son mari ou encore dans sa voiture comme conductrice officielle de ses trois enfants \u00e0 leurs nombreuses activit\u00e9s!<\/p>\n<\/div>\n<\/div>\n<p><!-- Format --><\/p>\n<h2 style=\"color: #c72328; font-size: 1.35rem; font-weight: bold; margin: 26px 0 12px;\">Format du cours<\/h2>\n<p style=\"margin: 0; line-height: 1.7;\">Ce cours est offert en ligne et comprend une vid\u00e9o ainsi qu\u2019un manuel. La vid\u00e9o dure environ une heure. Vous pouvez la mettre sur pause, revenir en arri\u00e8re et la visionner de nouveau afin de bien vous impr\u00e9gner du contenu. La vid\u00e9o contient trois mots-cl\u00e9s qui doivent \u00eatre soumis via la page du cours. Une fois les mots-cl\u00e9s transmis avec succ\u00e8s, votre dossier de formation indiquera que vous avez compl\u00e9t\u00e9 le cours. Le manuel complet comprend des activit\u00e9s, du mat\u00e9riel compl\u00e9mentaire et des ressources additionnelles.<\/p>\n<p><!-- Pricing anchor --><\/p>\n<div id=\"pricing\" style=\"position: relative; top: -120px;\"><\/div>\n<h2 style=\"color: #c72328; font-size: 1.35rem; font-weight: bold; margin: 30px 0 12px;\">Investissement et inscription<\/h2>\n<div style=\"display: flex; flex-direction: column; gap: 14px; align-items: flex-start; margin-bottom: 10px;\">\n<p><a style=\"display: inline-block; min-width: 280px; padding: 12px 24px; background: #C72328; color: #ffffff !important; border-radius: 10px; font-weight: 600; text-decoration: none; text-align: center;\" href=\"https:\/\/organizersincanada.com\/fr\/paiement\/?add-to-cart=19138&#038;quantity=1\">Tarif membre 70 $<br \/>\n<\/a><\/p>\n<p><a style=\"display: inline-block; min-width: 280px; padding: 12px 24px; background: #C72328; color: #ffffff !important; border-radius: 10px; font-weight: 600; text-decoration: none; text-align: center;\" href=\"https:\/\/organizersincanada.com\/fr\/paiement\/?add-to-cart=23121&#038;quantity=1\">Tarif non-membre 98 $<br \/>\n<\/a><\/p>\n<\/div>\n<p style=\"margin: 0;\"><em>Les prix n\u2019incluent pas les taxes applicables.<\/em><\/p>\n<\/div>\n","protected":false},"excerpt":{"rendered":"<p>Transformez des maisons familiales encombr\u00e9es et chaotiques en espaces organis\u00e9s et fonctionnels qui facilitent la vie de tous. Ce cours pr\u00e9sente les grandes lignes pour pour ma\u00eetriser l\u2019art d\u2019organiser pour [&hellip;]<\/p>\n","protected":false},"author":2751,"featured_media":0,"parent":0,"menu_order":0,"comment_status":"closed","ping_status":"closed","template":"","meta":{"_acf_changed":false,"_genesis_hide_title":false,"_genesis_hide_breadcrumbs":false,"_genesis_hide_singular_image":false,"_genesis_hide_footer_widgets":false,"_genesis_custom_body_class":"","_genesis_custom_post_class":"","_genesis_layout":"","_price":"","_stock":"","_tribe_ticket_header":"","_tribe_default_ticket_provider":"","_tribe_ticket_capacity":"","_ticket_start_date":"","_ticket_end_date":"","_tribe_ticket_show_description":"","_tribe_ticket_show_not_going":false,"_tribe_ticket_use_global_stock":"","_tribe_ticket_global_stock_level":"","_global_stock_mode":"","_global_stock_cap":"","_tribe_rsvp_for_event":"","_tribe_ticket_going_count":"","_tribe_ticket_not_going_count":"","_tribe_tickets_list":"[]","_tribe_ticket_has_attendee_info_fields":false,"footnotes":""},"class_list":["post-25516","page","type-page","status-publish","entry"],"acf":[],"_links":{"self":[{"href":"https:\/\/organizersincanada.com\/fr\/wp-json\/wp\/v2\/pages\/25516","targetHints":{"allow":["GET"]}}],"collection":[{"href":"https:\/\/organizersincanada.com\/fr\/wp-json\/wp\/v2\/pages"}],"about":[{"href":"https:\/\/organizersincanada.com\/fr\/wp-json\/wp\/v2\/types\/page"}],"author":[{"embeddable":true,"href":"https:\/\/organizersincanada.com\/fr\/wp-json\/wp\/v2\/users\/2751"}],"replies":[{"embeddable":true,"href":"https:\/\/organizersincanada.com\/fr\/wp-json\/wp\/v2\/comments?post=25516"}],"version-history":[{"count":0,"href":"https:\/\/organizersincanada.com\/fr\/wp-json\/wp\/v2\/pages\/25516\/revisions"}],"wp:attachment":[{"href":"https:\/\/organizersincanada.com\/fr\/wp-json\/wp\/v2\/media?parent=25516"}],"curies":[{"name":"wp","href":"https:\/\/api.w.org\/{rel}","templated":true}]}}

<div class="poc-course-page" style="max-width: 900px; margin: 0 auto; padding: 0 16px;">
<p><img decoding="async" class="aligncenter poc-course-header" src="https://organizersincanada.com/wp-content/uploads/2026/04/Familles.png" alt="" /></p>
<p><!-- Intro --></p>
<p style="margin: 0 0 18px 0; line-height: 1.7;">Transformez des maisons familiales encombrées et chaotiques en espaces organisés et fonctionnels qui facilitent la vie de tous. Ce cours présente les grandes lignes pour pour maîtriser l’art d’organiser pour les familles. Vous apprendrez à répondre aux défis uniques de la vie familiale, notamment les considérations de sécurité, la gestion de l’accumulation d’objets et l’adaptation aux changements constants. De la création d’espaces fonctionnels à la simplification des routines quotidiennes, vous développerez les stratégies et les connaissances nécessaires pour instaurer l’ordre et la fluidité dans les foyers familiaux.</p>
<p><!-- Outcomes --></p>
<div style="margin-top: 10px; margin-bottom: 28px;">
<p><a style="display: inline-block; padding: 12px 24px; background: #C72328; color: #ffffff; border-radius: 6px; font-weight: 600; text-decoration: none; margin-bottom: 18px;" href="#pricing">S’inscrire maintenant</a></p>
<h2 style="color: #c72328; font-size: 1.35rem; font-weight: bold; margin: 26px 0 12px;">Ce cours vous aidera à :</h2>
<ul style="margin: 0 0 18px 22px; padding: 0;">
<li>Identifier la clientèle que vous souhaitez accompagner</li>
<li>Distinguer l’organisation familiale de l’organisation générale</li>
<li>Reconnaître les enjeux de la clientèle familiale</li>
<li>Compiler une liste de solutions d’organisation conçues pour les familles<br />
○Organisation de l’espace<br />
○Organisation de l’information<br />
○Gestion de la maisonnée</li>
</ul>
<h2 style="color: #c72328; font-size: 1.35rem; font-weight: bold; margin: 26px 0 12px;">Pourquoi choisir ce cours ?</h2>
<p style="margin: 0; line-height: 1.6; color: #6b7280;">Ce cours révèle les outils et les techniques nécessaires pour créer des solutions d’organisation personnalisées adaptées aux besoins dynamiques des familles. Vous apprendrez à améliorer la sécurité, à gérer les biens et à simplifier le quotidien, afin d’aider les familles à s’épanouir dans des espaces organisés et fonctionnels.</p>
<div style="margin-top: 18px; overflow: auto;">
<p><img loading="lazy" decoding="async" class="alignleft" src="https://organizersincanada.com/wp-content/uploads/2026/02/4.png" alt="" width="65" height="65" /></p>
<p style="margin: 0; line-height: 1.6;">Les cours identifiés par cette icône sont des cours au choix. Deux cours au choix sont requis pour être admissible à l’examen du <a href="https://organizersincanada.com/fr/formation-et-evenements/programme-de-formation-en-organisation-professionnelle-fop/"><i>Programme de formation en organisation professionnelle (FOP)</i></a>.</p>
</div>
</div>
<p><!-- Testimonials --></p>
<div style="background: rgba(199,35,40,0.08); padding: 32px 24px; border-radius: 8px; margin: 34px 0;">
<h2 style="color: #c72328; font-size: 1.35rem; font-weight: bold; margin: 0 0 14px;">Ce que les étudiantes disent</h2>
<div style="display: flex; flex-wrap: wrap; gap: 24px; margin-top: 20px;">
<div style="background: #ffffff; border-radius: 8px; padding: 20px; box-shadow: 0 4px 10px rgba(0,0,0,0.04); flex: 1 1 320px;">
<p style="margin: 0; font-style: italic;">« Les études de cas ont permis de bien cerner les différents enjeux familiaux présentés. Ça rend le cours plus concret. »</p>
</div>
<div style="background: #ffffff; border-radius: 8px; padding: 20px; box-shadow: 0 4px 10px rgba(0,0,0,0.04); flex: 1 1 320px;">
<p style="margin: 0; font-style: italic;">« J&#8217;ai particulièrement aimé la partie sur les zones chaudes de l&#8217;organisation familiale et comment concrètement on peut aider nos clients. »</p>
</div>
</div>
</div>
<p><!-- Presenter --></p>
<h2 style="color: #c72328; font-size: 1.35rem; font-weight: bold; margin: 26px 0 12px;">Formatrice : Mylène Houle Morency</h2>
<div style="display: flex; flex-wrap: wrap; gap: 20px; align-items: flex-start;">
<div style="flex: 0 0 180px;"><img loading="lazy" decoding="async" style="max-width: 100%; height: auto; display: block;" src="https://organizersincanada.com/wp-content/uploads/2025/09/Mylene-Houle-Morency.png" alt="Mylène Houle Morency" width="225" height="300" /></div>
<div style="flex: 1 1 260px;">
<p style="margin-top: 0; text-align: left;">Mylène Houle Morency est organisatrice professionnelle spécialisée en organisation familiale depuis 2013 et une membre Feuille d&#8217;argent de l’association des Organisateurs professionnels au Canada. Elle a siégé sur le comité éthique des OPC durant quatre ans et a reçu le prix Harold Taylor en 2021. Quand elle n&#8217;est pas en train de travailler on peut la trouver en ski de fond ou à vélo avec son mari ou encore dans sa voiture comme conductrice officielle de ses trois enfants à leurs nombreuses activités!</p>
</div>
</div>
<p><!-- Format --></p>
<h2 style="color: #c72328; font-size: 1.35rem; font-weight: bold; margin: 26px 0 12px;">Format du cours</h2>
<p style="margin: 0; line-height: 1.7;">Ce cours est offert en ligne et comprend une vidéo ainsi qu’un manuel. La vidéo dure environ une heure. Vous pouvez la mettre sur pause, revenir en arrière et la visionner de nouveau afin de bien vous imprégner du contenu. La vidéo contient trois mots-clés qui doivent être soumis via la page du cours. Une fois les mots-clés transmis avec succès, votre dossier de formation indiquera que vous avez complété le cours. Le manuel complet comprend des activités, du matériel complémentaire et des ressources additionnelles.</p>
<p><!-- Pricing anchor --></p>
<div id="pricing" style="position: relative; top: -120px;"></div>
<h2 style="color: #c72328; font-size: 1.35rem; font-weight: bold; margin: 30px 0 12px;">Investissement et inscription</h2>
<div style="display: flex; flex-direction: column; gap: 14px; align-items: flex-start; margin-bottom: 10px;">
<p><a style="display: inline-block; min-width: 280px; padding: 12px 24px; background: #C72328; color: #ffffff !important; border-radius: 10px; font-weight: 600; text-decoration: none; text-align: center;" href="https://organizersincanada.com/fr/paiement/?add-to-cart=19138&#038;quantity=1">Tarif membre 70 $<br />
</a></p>
<p><a style="display: inline-block; min-width: 280px; padding: 12px 24px; background: #C72328; color: #ffffff !important; border-radius: 10px; font-weight: 600; text-decoration: none; text-align: center;" href="https://organizersincanada.com/fr/paiement/?add-to-cart=23121&#038;quantity=1">Tarif non-membre 98 $<br />
</a></p>
</div>
<p style="margin: 0;"><em>Les prix n’incluent pas les taxes applicables.</em></p>
</div>

<p>Transformez des maisons familiales encombrées et chaotiques en espaces organisés et fonctionnels qui facilitent la vie de tous. Ce cours présente les grandes lignes pour pour maîtriser l’art d’organiser pour [&hellip;]</p>
