{"id":26202,"date":"2026-04-30T21:52:39","date_gmt":"2026-05-01T01:52:39","guid":{"rendered":"https:\/\/organizersincanada.com\/presenters\/stephanie-barabe\/"},"modified":"2026-04-30T21:52:39","modified_gmt":"2026-05-01T01:52:39","slug":"stephanie-barabe","status":"publish","type":"presenter","link":"https:\/\/organizersincanada.com\/fr\/presenters\/stephanie-barabe\/","title":{"rendered":"St\u00e9phanie Barab\u00e9"},"content":{"rendered":"<p><span style=\"font-weight: 400;\">St\u00e9phanie est propri\u00e9taire et fondatrice de St\u00e9Zen, une entreprise sp\u00e9cialis\u00e9e dans le d\u00e9sencombrement, l&#8217;organisation physique et num\u00e9rique, l&#8217;aide au d\u00e9m\u00e9nagement et le coaching en organisation. Elle est membre de l\u2019association des Organisateurs professionnels au Canada et s&#8217;implique dans le comit\u00e9 ex\u00e9cutif de la section de Montr\u00e9al depuis 2022.<\/span><\/p>\n<p><span style=\"font-weight: 400;\">La mission de St\u00e9phanie en tant qu&#8217;organisatrice professionnelle est de contribuer au bien-\u00eatre int\u00e9rieur de ses clients en cr\u00e9ant une harmonie dans leur environnement. Sa devise est la suivante: Lib\u00e9rer l&#8217;espace&#8230; Lib\u00e9rer l&#8217;esprit!<\/span><\/p>\n<p>&nbsp;<\/p>\n","protected":false},"excerpt":{"rendered":"<p>St\u00e9phanie est propri\u00e9taire et fondatrice de St\u00e9Zen, une entreprise sp\u00e9cialis\u00e9e dans le d\u00e9sencombrement, l&#8217;organisation physique et num\u00e9rique, l&#8217;aide au d\u00e9m\u00e9nagement et le coaching en organisation. Elle est membre de l\u2019association [&hellip;]<\/p>\n","protected":false},"featured_media":0,"template":"","class_list":["post-26202","presenter","type-presenter","status-publish","entry"],"acf":[],"_links":{"self":[{"href":"https:\/\/organizersincanada.com\/fr\/wp-json\/wp\/v2\/presenter\/26202","targetHints":{"allow":["GET"]}}],"collection":[{"href":"https:\/\/organizersincanada.com\/fr\/wp-json\/wp\/v2\/presenter"}],"about":[{"href":"https:\/\/organizersincanada.com\/fr\/wp-json\/wp\/v2\/types\/presenter"}],"wp:attachment":[{"href":"https:\/\/organizersincanada.com\/fr\/wp-json\/wp\/v2\/media?parent=26202"}],"curies":[{"name":"wp","href":"https:\/\/api.w.org\/{rel}","templated":true}]}}

Stéphanie Barabé

<p><span style="font-weight: 400;">Stéphanie est propriétaire et fondatrice de StéZen, une entreprise spécialisée dans le désencombrement, l&#8217;organisation physique et numérique, l&#8217;aide au déménagement et le coaching en organisation. Elle est membre de l’association des Organisateurs professionnels au Canada et s&#8217;implique dans le comité exécutif de la section de Montréal depuis 2022.</span></p>
<p><span style="font-weight: 400;">La mission de Stéphanie en tant qu&#8217;organisatrice professionnelle est de contribuer au bien-être intérieur de ses clients en créant une harmonie dans leur environnement. Sa devise est la suivante: Libérer l&#8217;espace&#8230; Libérer l&#8217;esprit!</span></p>
<p>&nbsp;</p>

<p>Stéphanie est propriétaire et fondatrice de StéZen, une entreprise spécialisée dans le désencombrement, l&#8217;organisation physique et numérique, l&#8217;aide au déménagement et le coaching en organisation. Elle est membre de l’association [&hellip;]</p>
