{"id":26219,"date":"2026-04-30T23:02:23","date_gmt":"2026-05-01T03:02:23","guid":{"rendered":"https:\/\/organizersincanada.com\/presenters\/elizabeth-alescio\/"},"modified":"2026-04-30T23:03:40","modified_gmt":"2026-05-01T03:03:40","slug":"elizabeth-alescio","status":"publish","type":"presenter","link":"https:\/\/organizersincanada.com\/fr\/presenters\/elizabeth-alescio\/","title":{"rendered":"Elizabeth Alescio"},"content":{"rendered":"<p><span style=\"font-weight: 400;\">Elizabeth Alescio est organisatrice professionnelle depuis 2013 et membre Feuille d\u2019argent de l\u2019association des Organisateurs professionnels au Canada. Apr\u00e8s avoir obtenu son baccalaur\u00e9at en commerce avec sp\u00e9cialisation en marketing de l\u2019Universit\u00e9 McGill, et ayant travaill\u00e9 plus de 10 ans dans le monde corporatif, elle a fond\u00e9 son entreprise <\/span><i><span style=\"font-weight: 400;\">Mlle Range-Tout <\/span><\/i><span style=\"font-weight: 400;\">en 2016 et se sp\u00e9cialise maintenant dans l\u2019organisation r\u00e9sidentielle afin de simplifier la vie au quotidien de ses clients.<\/span><\/p>\n<p><span style=\"font-weight: 400;\">\u00c9tant impliqu\u00e9e dans le comit\u00e9 ex\u00e9cutif de la section de Montr\u00e9al des OPC pendant quatre ans, et faisant actuellement partie du comit\u00e9 de la formation des OPC, Elizabeth contribue activement au d\u00e9veloppement de la profession.<\/span><\/p>\n<p><span style=\"font-weight: 400;\">En 2018, elle a co-fond\u00e9 la cha\u00eene YouTube <\/span><i><span style=\"font-weight: 400;\">SOS Rangement<\/span><\/i><span style=\"font-weight: 400;\"> afin d\u2019offrir des astuces de rangement et d\u2019organisation \u00e0 la population francophone.<\/span><\/p>\n","protected":false},"excerpt":{"rendered":"<p>Elizabeth Alescio est organisatrice professionnelle depuis 2013 et membre Feuille d\u2019argent de l\u2019association des Organisateurs professionnels au Canada. Apr\u00e8s avoir obtenu son baccalaur\u00e9at en commerce avec sp\u00e9cialisation en marketing de [&hellip;]<\/p>\n","protected":false},"featured_media":0,"template":"","class_list":["post-26219","presenter","type-presenter","status-publish","entry"],"acf":[],"_links":{"self":[{"href":"https:\/\/organizersincanada.com\/fr\/wp-json\/wp\/v2\/presenter\/26219","targetHints":{"allow":["GET"]}}],"collection":[{"href":"https:\/\/organizersincanada.com\/fr\/wp-json\/wp\/v2\/presenter"}],"about":[{"href":"https:\/\/organizersincanada.com\/fr\/wp-json\/wp\/v2\/types\/presenter"}],"wp:attachment":[{"href":"https:\/\/organizersincanada.com\/fr\/wp-json\/wp\/v2\/media?parent=26219"}],"curies":[{"name":"wp","href":"https:\/\/api.w.org\/{rel}","templated":true}]}}

<p><span style="font-weight: 400;">Elizabeth Alescio est organisatrice professionnelle depuis 2013 et membre Feuille d’argent de l’association des Organisateurs professionnels au Canada. Après avoir obtenu son baccalauréat en commerce avec spécialisation en marketing de l’Université McGill, et ayant travaillé plus de 10 ans dans le monde corporatif, elle a fondé son entreprise </span><i><span style="font-weight: 400;">Mlle Range-Tout </span></i><span style="font-weight: 400;">en 2016 et se spécialise maintenant dans l’organisation résidentielle afin de simplifier la vie au quotidien de ses clients.</span></p>
<p><span style="font-weight: 400;">Étant impliquée dans le comité exécutif de la section de Montréal des OPC pendant quatre ans, et faisant actuellement partie du comité de la formation des OPC, Elizabeth contribue activement au développement de la profession.</span></p>
<p><span style="font-weight: 400;">En 2018, elle a co-fondé la chaîne YouTube </span><i><span style="font-weight: 400;">SOS Rangement</span></i><span style="font-weight: 400;"> afin d’offrir des astuces de rangement et d’organisation à la population francophone.</span></p>

<p>Elizabeth Alescio est organisatrice professionnelle depuis 2013 et membre Feuille d’argent de l’association des Organisateurs professionnels au Canada. Après avoir obtenu son baccalauréat en commerce avec spécialisation en marketing de [&hellip;]</p>
