{"id":26221,"date":"2026-04-30T23:04:44","date_gmt":"2026-05-01T03:04:44","guid":{"rendered":"https:\/\/organizersincanada.com\/presenters\/georgina-forrest-cpo\/"},"modified":"2026-04-30T23:05:47","modified_gmt":"2026-05-01T03:05:47","slug":"georgina-forrest-cpo","status":"publish","type":"presenter","link":"https:\/\/organizersincanada.com\/fr\/presenters\/georgina-forrest-cpo\/","title":{"rendered":"Georgina Forrest CPO\u00ae"},"content":{"rendered":"<p><span style=\"font-weight: 400;\">Georgina est membre de l\u2019association des Organisateurs professionnels au Canada depuis 2005, et s\u2019int\u00e9resse \u00e0 l\u2019organisation depuis 2001. Elle est une organisatrice professionnelle certifi\u00e9e, et <\/span><i><span style=\"font-weight: 400;\">Certified Photo Manager. <\/span><\/i><span style=\"font-weight: 400;\">Elle est \u00e9galement une coach en productivit\u00e9 sp\u00e9cialis\u00e9e travaillant avec des grandes entreprises ainsi que des clients poss\u00e9dant une petite entreprise ou un bureau \u00e0 domicile. En plus de ses services d&#8217;organisation et de coaching, elle aime animer des ateliers sur une vari\u00e9t\u00e9 de sujets li\u00e9s \u00e0 l&#8217;organisation et \u00e0 la gestion du temps.<\/span><\/p>\n","protected":false},"excerpt":{"rendered":"<p>Georgina est membre de l\u2019association des Organisateurs professionnels au Canada depuis 2005, et s\u2019int\u00e9resse \u00e0 l\u2019organisation depuis 2001. Elle est une organisatrice professionnelle certifi\u00e9e, et Certified Photo Manager. Elle est [&hellip;]<\/p>\n","protected":false},"featured_media":0,"template":"","class_list":["post-26221","presenter","type-presenter","status-publish","entry"],"acf":[],"_links":{"self":[{"href":"https:\/\/organizersincanada.com\/fr\/wp-json\/wp\/v2\/presenter\/26221","targetHints":{"allow":["GET"]}}],"collection":[{"href":"https:\/\/organizersincanada.com\/fr\/wp-json\/wp\/v2\/presenter"}],"about":[{"href":"https:\/\/organizersincanada.com\/fr\/wp-json\/wp\/v2\/types\/presenter"}],"wp:attachment":[{"href":"https:\/\/organizersincanada.com\/fr\/wp-json\/wp\/v2\/media?parent=26221"}],"curies":[{"name":"wp","href":"https:\/\/api.w.org\/{rel}","templated":true}]}}

<p><span style="font-weight: 400;">Georgina est membre de l’association des Organisateurs professionnels au Canada depuis 2005, et s’intéresse à l’organisation depuis 2001. Elle est une organisatrice professionnelle certifiée, et </span><i><span style="font-weight: 400;">Certified Photo Manager. </span></i><span style="font-weight: 400;">Elle est également une coach en productivité spécialisée travaillant avec des grandes entreprises ainsi que des clients possédant une petite entreprise ou un bureau à domicile. En plus de ses services d&#8217;organisation et de coaching, elle aime animer des ateliers sur une variété de sujets liés à l&#8217;organisation et à la gestion du temps.</span></p>

<p>Georgina est membre de l’association des Organisateurs professionnels au Canada depuis 2005, et s’intéresse à l’organisation depuis 2001. Elle est une organisatrice professionnelle certifiée, et Certified Photo Manager. Elle est [&hellip;]</p>
