{"id":26224,"date":"2026-04-30T23:15:24","date_gmt":"2026-05-01T03:15:24","guid":{"rendered":"https:\/\/organizersincanada.com\/presenters\/adele-lapointe\/"},"modified":"2026-04-30T23:26:29","modified_gmt":"2026-05-01T03:26:29","slug":"adele-lapointe","status":"publish","type":"presenter","link":"https:\/\/organizersincanada.com\/fr\/presenters\/adele-lapointe\/","title":{"rendered":"Adele Lapointe"},"content":{"rendered":"<p><span style=\"font-weight: 400;\">Adele a lanc\u00e9 son entreprise en organisation professionnelle <\/span><i><span style=\"font-weight: 400;\">Chaos to Clarity Organizing Services<\/span><\/i><span style=\"font-weight: 400;\"> en 2005, et est membre Feuille d&#8217;or de l\u2019association des Organisateurs professionnels au Canada. Elle est une des membres fondateurs de la section Halton-Peel et a occup\u00e9 divers postes au sein de l&#8217;ex\u00e9cutif de la section, dont ceux de secr\u00e9taire, de co-pr\u00e9sidente et de coordonnatrice de la programmation. Au sein du conseil d&#8217;administration national des OPC, elle a \u00e9t\u00e9 directrice par mandat sp\u00e9cial et directrice des sections. Elle a \u00e9galement \u00e9t\u00e9 membre du comit\u00e9 du congr\u00e8s annuel de l\u2019association. Adele a re\u00e7u le prix <\/span><i><span style=\"font-weight: 400;\">Ambassadeur<\/span><\/i><span style=\"font-weight: 400;\"> des OPC en 2019. En 2022, elle est devenue auteure du livre \u00ab <\/span><i><span style=\"font-weight: 400;\">Get Organized For Life : 7 Steps to Take You From Chaos to Clarity<\/span><\/i><span style=\"font-weight: 400;\"> \u00bb.<\/span><\/p>\n<p><span style=\"font-weight: 400;\">Adele ne se lasse pas de rencontrer de nouveaux clients et de travailler avec eux pour trouver des solutions qui ont un impact important dans leur vie.<\/span><\/p>\n","protected":false},"excerpt":{"rendered":"<p>Adele a lanc\u00e9 son entreprise en organisation professionnelle Chaos to Clarity Organizing Services en 2005, et est membre Feuille d&#8217;or de l\u2019association des Organisateurs professionnels au Canada. Elle est une [&hellip;]<\/p>\n","protected":false},"featured_media":0,"template":"","class_list":["post-26224","presenter","type-presenter","status-publish","entry"],"acf":[],"_links":{"self":[{"href":"https:\/\/organizersincanada.com\/fr\/wp-json\/wp\/v2\/presenter\/26224","targetHints":{"allow":["GET"]}}],"collection":[{"href":"https:\/\/organizersincanada.com\/fr\/wp-json\/wp\/v2\/presenter"}],"about":[{"href":"https:\/\/organizersincanada.com\/fr\/wp-json\/wp\/v2\/types\/presenter"}],"wp:attachment":[{"href":"https:\/\/organizersincanada.com\/fr\/wp-json\/wp\/v2\/media?parent=26224"}],"curies":[{"name":"wp","href":"https:\/\/api.w.org\/{rel}","templated":true}]}}

<p><span style="font-weight: 400;">Adele a lancé son entreprise en organisation professionnelle </span><i><span style="font-weight: 400;">Chaos to Clarity Organizing Services</span></i><span style="font-weight: 400;"> en 2005, et est membre Feuille d&#8217;or de l’association des Organisateurs professionnels au Canada. Elle est une des membres fondateurs de la section Halton-Peel et a occupé divers postes au sein de l&#8217;exécutif de la section, dont ceux de secrétaire, de co-présidente et de coordonnatrice de la programmation. Au sein du conseil d&#8217;administration national des OPC, elle a été directrice par mandat spécial et directrice des sections. Elle a également été membre du comité du congrès annuel de l’association. Adele a reçu le prix </span><i><span style="font-weight: 400;">Ambassadeur</span></i><span style="font-weight: 400;"> des OPC en 2019. En 2022, elle est devenue auteure du livre « </span><i><span style="font-weight: 400;">Get Organized For Life : 7 Steps to Take You From Chaos to Clarity</span></i><span style="font-weight: 400;"> ».</span></p>
<p><span style="font-weight: 400;">Adele ne se lasse pas de rencontrer de nouveaux clients et de travailler avec eux pour trouver des solutions qui ont un impact important dans leur vie.</span></p>

<p>Adele a lancé son entreprise en organisation professionnelle Chaos to Clarity Organizing Services en 2005, et est membre Feuille d&#8217;or de l’association des Organisateurs professionnels au Canada. Elle est une [&hellip;]</p>
